ctor of 899339944 and 7096?
7096
Calculate the greatest common factor of 176847552 and 552.
552
Calculate the highest common divisor of 7 and 17249995.
7
Calculate the highest common factor of 46046 and 141109738.
3542
What is the highest common divisor of 3376566 and 494?
38
What is the highest common factor of 419123892 and 618?
618
Calculate the highest common factor of 86016 and 61026.
42
Calculate the highest common divisor of 2507608864 and 16.
16
What is the highest common divisor of 6805990 and 38?
38
Calculate the highest common factor of 295867 and 47762.
143
Calculate the highest common factor of 792334 and 902939.
2011
Calculate the highest common factor of 371690 and 50.
10
What is the highest common factor of 49928134 and 5164?
2582
Calculate the greatest common factor of 158 and 6725902.
158
What is the highest common factor of 487061459 and 4055?
811
Calculate the highest common divisor of 323200 and 635.
5
What is the greatest common factor of 762 and 3861181?
127
What is the highest common factor of 208 and 414245?
13
Calculate the highest common divisor of 49826 and 2752.
2
What is the highest common divisor of 199163 and 19413?
719
Calculate the highest common factor of 944 and 4587520.
16
What is the highest common divisor of 35 and 3073310555?
35
Calculate the greatest common divisor of 63495 and 751482.
747
What is the highest common divisor of 10168 and 1988992?
328
Calculate the greatest common factor of 130 and 11646220.
10
Calculate the greatest common factor of 1229592 and 4524.
156
Calculate the greatest common divisor of 634748 and 4.
4
What is the highest common factor of 13431 and 9870564?
1221
Calculate the highest common divisor of 2052140 and 15.
5
What is the greatest common divisor of 127153 and 34749?
13
Calculate the greatest common divisor of 14740 and 412988.
268
What is the highest common factor of 469030638 and 4458?
4458
What is the greatest common factor of 131 and 6348618547?
131
Calculate the greatest common divisor of 893712 and 181824.
48
Calculate the highest common factor of 465 and 59566190.
155
Calculate the greatest common divisor of 24 and 461979.
3
What is the greatest common factor of 237 and 14698898?
79
Calculate the highest common factor of 3639780 and 1060910.
2770
Calculate the greatest common divisor of 3895 and 217103405.
3895
What is the highest common factor of 56147260 and 6188?
884
Calculate the greatest common divisor of 10243648 and 4232.
184
What is the highest common factor of 151316 and 9652?
76
Calculate the highest common divisor of 34094 and 562.
2
Calculate the greatest common divisor of 54057304 and 9548.
868
Calculate the highest common divisor of 7410201 and 339.
339
What is the greatest common factor of 212824360 and 4760?
4760
Calculate the greatest common factor of 340811520 and 10.
10
Calculate the greatest common factor of 125280840 and 60.
60
What is the highest common factor of 17936964 and 138?
138
Calculate the greatest common divisor of 11076 and 3808012.
52
Calculate the highest common divisor of 382255 and 712.
89
Calculate the highest common factor of 144 and 67776064.
16
Calculate the greatest common divisor of 95060 and 19885.
485
What is the greatest common factor of 2506 and 6528667?
179
Calculate the greatest common factor of 1048 and 80144.
8
What is the greatest common factor of 89345921 and 14?
7
Calculate the highest common factor of 16 and 21829464.
8
What is the highest common factor of 2434 and 16054?
2
Calculate the highest common divisor of 966223 and 45518.
2069
Calculate the greatest common divisor of 4328081 and 136.
17
Calculate the highest common divisor of 115720 and 86680.
440
What is the highest common divisor of 10005 and 19941?
69
What is the greatest common divisor of 18 and 488380?
2
Calculate the greatest common factor of 470 and 12793850.
10
Calculate the greatest common divisor of 414337 and 7700.
77
Calculate the greatest common divisor of 9074 and 3362266.
698
Calculate the greatest common divisor of 509571 and 19339.
233
What is the greatest common factor of 17773730 and 117305?
4045
What is the greatest common factor of 563285 and 190?
5
What is the highest common divisor of 2362833 and 32901?
33
What is the greatest common divisor of 43552912 and 21216?
3536
Calculate the highest common factor of 191424450 and 70.
70
What is the greatest common divisor of 80052 and 7700240?
3812
Calculate the greatest common divisor of 35625600 and 1152.
1152
What is the highest common factor of 471380 and 1406?
74
What is the greatest common divisor of 73999856 and 224?
112
Calculate the highest common divisor of 4700567 and 2.
1
Calculate the greatest common divisor of 25204674 and 62.
62
What is the highest common divisor of 156184 and 468720?
56
What is the greatest common divisor of 40 and 48869336?
8
What is the greatest common divisor of 100096 and 36787456?
4352
What is the greatest common factor of 390974 and 466?
466
Calculate the highest common divisor of 105204 and 292116.
132
Calculate the greatest common divisor of 63125854 and 58685.
1067
What is the greatest common divisor of 1494 and 37452754?
166
What is the highest common factor of 660 and 9343640?
20
What is the highest common divisor of 621 and 870478056?
621
What is the greatest common factor of 83824 and 16981211?
403
What is the greatest common factor of 1723 and 233457885?
1723
What is the highest common divisor of 1080 and 4557195?
135
What is the greatest common divisor of 1094315 and 435?
145
Calculate the greatest common divisor of 32967128 and 2568.
856
What is the highest common divisor of 1936440 and 18745?
815
What is the highest common divisor of 464094 and 148326?
354
Calculate the highest common factor of 157421 and 6974661.
1301
Calculate the highest common divisor of 2805 and 245480.
85
What is the greatest common factor of 594726 and 6897?
33
Calculate the highest common factor of 88113818 and 130.
26
Calculate the greatest common factor of 46010 and 791200.
430
Calculate the highest common factor of 16710 and 213447970.
5570
What is the highest common factor of 31924 and 1518644?
92
What is the greatest common factor of 3 and 23746683?
3
Calculate the greatest common divisor of 422 and 110385494.
422
Calculate the greatest common factor of 5112 and 216337.
71
What is the greatest common factor of 24414 and 8970?
78
What is the highest common factor of 105423868 and 187?
187
What is the greatest common factor of 6967974 and 1570?
314
Calculate the highest common divisor of 299799 and 441.
9
What is the highest common factor of 3675 and 3575040?
735
Calculate the highest common factor of 35282 and 1607101.
59
Calculate the highest common divisor of 2033 and 4722469.
19
Calculate the greatest common factor of 12276 and 3873078.
6138
What is the highest common divisor of 96883 and 409139?
697
Calculate the greatest common factor of 132400 and 17870.
10
Calculate the greatest common factor of 1944 and 3988152.
72
What is the highest common factor of 136313936 and 176?
176
What is the greatest common factor of 6 and 27140862?
6
Calculate the highest common divisor of 220 and 6677380.
20
Calculate the highest common divisor of 84615 and 31905.
15
Calculate the highest common factor of 678 and 61248825.
339
What is the greatest common divisor of 348 and 14175548?
116
What is the highest common divisor of 5526360 and 43645?
1505
Calculate the highest common divisor of 296548371 and 228.
57
What is the greatest common divisor of 148696956 and 8091?
279
Calculate the greatest common divisor of 52160502 and 58.
58
Calculate the greatest common factor of 4795486 and 19.
19
What is the highest common factor of 264 and 192003108?
132
What is the highest common divisor of 625 and 14168125?
625
Calculate the highest common divisor of 434 and 11104014.
62
Calculate the highest common factor of 1194 and 128081972.
398
Calculate the highest common divisor of 8784567 and 2403.
801
What is the greatest common divisor of 191383 and 3343786?
3611
What is the greatest common factor of 7900131 and 107?
107
What is the greatest common divisor of 1194051 and 16075?
643
Calculate the highest common factor of 1630 and 137407370.
1630
Calculate the highest common divisor 